Suppose -36 = -4*j - 8. Let r be (-1 + -7)*(8 - j). What is the units digit of l(r)?
2
Let h(f) = f + 15. Let s(b) = -b - 16. Let q(c) = 6*h(c) + 5*s(c). Let p be q(-8). Suppose -2*u + 66 = 4*m, 2*m = -p*u + 7*m + 111. What is the tens digit of u?
4
Let b(s) = s**2 + 11*s - 20. Let g(q) = -2*q**2 - 22*q + 40. Let r(o) = 7*b(o) + 4*g(o). What is the units digit of r(-12)?
8
Let m be (-6)/21 + 4/14. Suppose -4 = 3*g + 3*s + 5, m = g - s + 11. Let f = g - -14. What is the units digit of f?
7
Let z = -477 + 813. What is the units digit of z?
6
Let n = 149 - 143. Let j(t) = -3*t**2 + 4*t + 2. Let d(s) = -7*s**2 + 9*s + 3. Let u(b) = 2*d(b) - 5*j(b). What is the tens digit of u(n)?
2
Let t(n) be the first derivative of 3*n**2/2 + 9*n - 4. Let y be t(-3). Suppose -4*c + 2*c - k + 91 = y, 134 = 3*c - k. What is the units digit of c?
5
Let v(k) = -k**2 + 3*k - 4. Let w be v(2). What is the units digit of (-1)/(-4 - w*489/246)?
1
Suppose 0 = -2*q - 3*v + 2633, -3*v = -q + 753 + 586. What is the tens digit of q?
2
Let q be ((-1)/(-3)*2)/(62/3999). Let t = q + 117. What is the tens digit of t?
6
Let v(k) = 3*k. Let q be v(5). Suppose 4*i = 77 + q. What is the units digit of i?
3
Let d be (-31)/(-11) - 8/(-44). Suppose 1 = s - d. Suppose -s*q - 35 = 3*n - 6*n, 4*q + 9 = n. What is the tens digit of n?
1
Suppose 6*b - 4*b = 6. Suppose 3*p = n + 256 - 0, -b*n = -4*p + 343. What is the units digit of p?
5
Let k be ((1 - 2) + 1)/(-2). Let l(o) = -3*o + o - 4 + 9*o**2 + k*o + 5. What is the units digit of l(2)?
3
Let c(q) = 20*q - 3. Let b(x) = 2*x**3 - x. Let m be b(1). What is the tens digit of c(m)?
1
Let u(i) = 4*i**2 + 3*i + 5. Let t be u(-5). Let o be -4 + (3 - 9 - -1) + 29. Suppose -2*j + o = -j + 3*y, y = 3*j - t. What is the units digit of j?
9
Let r(m) = -22*m - 2. Let d be r(-5). Let v be 1/10*5*d. Suppose v = 3*x - 0*x. What is the units digit of x?
8
Suppose -90*r - 100030 = -125*r. What is the tens digit of r?
5
Let t(k) = 3*k + 2. Let m be t(3). Suppose 3*y + 2*w - 7 = 0, 4*y - 5*w + 18 = -m. What is the units digit of -1 - -5*(0 - y)?
4
Let q = -22 + 640. Suppose 0*t + q = 6*t. What is the units digit of t?
3
Let m(c) = 3*c - 49. Let j be m(22). Suppose 39 = d - j. What is the units digit of d?
6
Let l(g) = -5*g - 42. Let h(i) = i**3 + 10*i**2 + 10*i - 9. Let t be h(-9). What is the tens digit of l(t)?
4
Let l(w) = w**3 - 11*w**2 + 22*w + 40. What is the hundreds digit of l(11)?
2
Let f(y) = y**2 + 14*y - 7. Let x be f(-15). Suppose x*d - 3*d = 30. Let u(z) = z**3 - 6*z**2 + 2*z + 3. What is the tens digit of u(d)?
1
Let j be ((-356)/8)/((-2)/12). Let p be j/21 - 2/(-7). Let a = p - 2. What is the tens digit of a?
1
Let t be ((-9)/6)/(29/(-26) + 1). Suppose -t*z = -3*z - 720. What is the units digit of z?
2
Let z = 120 - -169. What is the units digit of z?
9
Let f be 40/12*12/10. Let q be (f/10)/((-21)/(-13020)). What is the units digit of q/(-12)*(-3)/2?
1
Let s(u) = 6*u + 2. Suppose 0*h - 30 = -3*h. Suppose 5*d = 3*o - 38, o = 2*o + 4*d + h. What is the units digit of s(o)?
8
Suppose 0 = -4*x + 702 - 50. Let a = x - 24. What is the hundreds digit of a?
1
Suppose 4*y - 5*y = -3*p + 9, -p + 3 = 4*y. Suppose y = 4*a - 430 + 74. What is the units digit of a?
9
Suppose -188 = -6*g + 526. Let m = g + -70. What is the units digit of m?
9
Suppose 21 = 6*g + g. Suppose g*n = -2*l + 88, 0*l + 4*l - 166 = -n. What is the tens digit of l?
4
Suppose 4*i + 36 = i. Let k(z) = -2*z - 12. What is the tens digit of k(i)?
1
Let w(i) = -i**3 + 11*i**2 + 13*i - 12. Let f be w(12). Suppose f = -2*g + 4*r + 140, -2*g + 273 = 2*g - r. What is the tens digit of g?
6
Suppose 2*m = -5*r + 345, -140 = -m - 5*r + 35. Suppose -5*k + m = -3*k. What is the tens digit of k?
8
Let n(k) = -k**3 + 7*k**2 - k + 10. Let v be n(7). What is the hundreds digit of -5 - (v + -158 + 2)?
1
Suppose 0 = -r - 5*d - 35, -r - 27 + 1 = 2*d. Suppose -2*a = -5*l - 18, -24 = l + 4*l + 4*a. Let k = l - r. What is the tens digit of k?
1
Suppose 0 = -8*p - 5*p. What is the tens digit of (3 - p) + 3*5?
1
Suppose 138*a - 135*a - 543 = 0. What is the hundreds digit of a?
1
Let a(v) = -v**3 + 11*v**2 + 2*v + 16. Let q be a(11). Suppose 4 = -x + q. Let b = x + -18. What is the units digit of b?
6
Suppose w - 4*u - 1310 = -8*u, 2*u = -w + 1302. What is the hundreds digit of w?
2
Suppose -12*w + 701 = -91. Suppose -w = 4*c - 494. What is the hundreds digit of c?
1
Let y = -3578 - -5386. What is the hundreds digit of y?
8
Suppose 0 = -2*w + 5*w. Suppose w = -o + 37 - 12. Suppose l + o = 5*k, 7 = l + 2. What is the units digit of k?
6
Suppose 3*w = q - 134, 0*w = 3*q + w - 432. Let k = q + -89. What is the tens digit of k?
5
Suppose d + d = -2*r + 16, r + 17 = 4*d. Suppose d*v = -86 + 316. Let h = v - 11. What is the tens digit of h?
3
Let c = 18 + 93. Suppose 5*b - 4*l - c = -l, -15 = -b - 3*l. Suppose -2*t + 3*t - b = 0. What is the units digit of t?
1
Let v(k) = -39*k - 27. What is the hundreds digit of v(-11)?
4
Let f(a) = 8*a**2 + 2*a - 4. Let k be f(-4). Suppose -k = -l - l. Suppose j + j - l = 0. What is the tens digit of j?
2
Let h(l) be the third derivative of 0*l - 2/3*l**3 - 3/20*l**5 - 4*l**2 + 1/120*l**6 + 5/24*l**4 + 0. What is the units digit of h(9)?
1
Let d = 10 + -10. Suppose 4*c + 1 - 13 = d. What is the units digit of c?
3
Let w be 45/7 + 6/(-14). What is the units digit of ((w - 2 - -1) + -2)*39?
7
Let k be (4 - 1) + 21 + 0. Suppose -k*y + 3304 = 592. What is the tens digit of y?
1
Let g be 2/8 + (-585)/(-60). Let c be 120/25 - (-2)/g. Suppose -39 = -8*j + c*j. What is the tens digit of j?
1
Let c(s) = -s - 18. Let t be c(-8). Let k = 4 - t. What is the units digit of k?
4
Let q(m) = -m**2 - 19*m - 15. Let w be q(-17). Let h = w + -6. What is the tens digit of h?
1
Let d = 34 + -39. Let p(l) = -l**3 - 2*l**2 - 6*l - 5. What is the units digit of p(d)?
0
What is the tens digit of (3/2)/((-9)/(-2208))?
6
Let a = -168 + 84. Let z = a - -144. What is the units digit of z?
0
Let p = 13 + -19. Let d(y) = y**2 - 8*y - 8. What is the tens digit of d(p)?
7
Let u(q) = 8*q**2 + 2 - 6*q + q**2 + 3*q**2 - 2*q**2. What is the tens digit of u(3)?
7
Suppose 5 + 5 = 2*l. Suppose g = -3*v + 36, 2*g - l*v - 2 = 26. What is the units digit of g?
4
Let i(y) = -y - 10. Let o be i(-13). What is the units digit of (-12)/4 + 9*o?
4
Let m be ((-100)/3)/(1/(-24)) - 0. Suppose 0 = -10*j - 250 + m. What is the units digit of j?
5
Let i(t) = t**2 + 6*t - 7. Let r be i(-5). Let b be (-1)/((-3)/r*-1). What is the tens digit of (30/b)/((-12)/(-24))?
1
What is the thousands digit of 20183/6 + (-69)/(-414)?
3
Suppose 0 = -k - d + 1274, 3*k + 21*d - 22*d - 3818 = 0. What is the tens digit of k?
7
Suppose -6*d - 4 = -8*d. What is the tens digit of -40*(d - 45/12)?
7
Let c be 4/(-10) + 12/5. What is the tens digit of 3 + 4/(c + (-74)/38)?
7
Let s(u) be the first derivative of 9*u**2/2 - 3*u - 73. Let t = 10 - 7. What is the units digit of s(t)?
4
Let k(y) = 2*y**2 - 5*y + 1. Let c be k(3). Suppose j - u - 27 = -2*j, -c*j + 36 = -u. Suppose -13*n + j*n + 28 = 0. What is the units digit of n?
7
Let w be -1*(3 + -8 + 2). Suppose -4*p + 2*i + 71 = 27, -w*i = 5*p - 44. What is the units digit of p?
0
Suppose 66 = 5*d - g, 4*d - 5 = -5*g + 42. What is the units digit of d?
3
Let t(n) = 8*n - 4. Let d be t(-1). What is the units digit of (-2)/d - (-10)/12?
1
Let v = -59 - -97. Let k = 74 + v. What is the tens digit of k?
1
Let v be (-4 + 1 - 21) + -1. Let m = v - -55. What is the tens digit of m?
3
Suppose 10*u - 9*u = 116. What is the tens digit of u?
1
Suppose -11*x = -7*x - 20. Suppose 5*y - 22 - 53 = -x*c, 2*c = -5*y + 21. What is the units digit of c?
8
Suppose 87 - 3 = 3*t. Suppose -p + 18 = -5*a, -2*p - p + t = -2*a. What is the units digit of p?
8
Let z = -3 - -1. Let j = z + 7. Suppose -j*s - 20 = f, -35 = -0*f - 2*f + 5*s. What is the units digit of f?
5
Let c(t) = -36*t - 8. Let a(w) = 34*w + 9. Let u(n) = -3*a(n) - 4*c(n). What is the units digit of u(7)?
9
Let w(b) = 3*b**2 - 1 + 18*b**2 + 23*b**2 - 8*b**2 + 8*b**2. Suppose -r = g + 4, 4*g + 9*r - 4*r + 19 = 0. What is the units digit of w(g)?
3
Suppose 3*x + g - 312 - 559 = 0, 0 = 2*x + g - 582. What is the hundreds digit of x?
2
Let c = 274 + -128. Suppose -3*a 